 divided by 85?
84
What is the remainder when 223 is divided by 61?
40
What is the remainder when 153 is divided by 18?
9
Calculate the remainder when 123 is divided by 50.
23
What is the remainder when 593 is divided by 66?
65
What is the remainder when 810 is divided by 89?
9
What is the remainder when 765 is divided by 24?
21
What is the remainder when 393 is divided by 18?
15
Calculate the remainder when 153 is divided by 32.
25
Calculate the remainder when 274 is divided by 71.
61
Calculate the remainder when 5822 is divided by 112.
110
What is the remainder when 3253 is divided by 105?
103
Calculate the remainder when 433 is divided by 40.
33
Calculate the remainder when 127 is divided by 32.
31
What is the remainder when 283 is divided by 275?
8
Calculate the remainder when 11170 is divided by 243.
235
Calculate the remainder when 3964 is divided by 13.
12
Calculate the remainder when 2913 is divided by 960.
33
What is the remainder when 22 is divided by 16?
6
Calculate the remainder when 1437 is divided by 287.
2
What is the remainder when 24 is divided by 1?
0
What is the remainder when 54 is divided by 15?
9
What is the remainder when 973 is divided by 440?
93
Calculate the remainder when 1133 is divided by 375.
8
What is the remainder when 742 is divided by 247?
1
Calculate the remainder when 40 is divided by 4.
0
What is the remainder when 319 is divided by 130?
59
Calculate the remainder when 58 is divided by 20.
18
What is the remainder when 88 is divided by 45?
43
Calculate the remainder when 815 is divided by 48.
47
Calculate the remainder when 3497 is divided by 20.
17
What is the remainder when 345 is divided by 42?
9
Calculate the remainder when 346 is divided by 56.
10
What is the remainder when 415 is divided by 398?
17
Calculate the remainder when 754 is divided by 36.
34
What is the remainder when 116 is divided by 8?
4
What is the remainder when 54 is divided by 13?
2
What is the remainder when 6901 is divided by 13?
11
What is the remainder when 669 is divided by 669?
0
Calculate the remainder when 174 is divided by 50.
24
Calculate the remainder when 944 is divided by 16.
0
Calculate the remainder when 493 is divided by 42.
31
What is the remainder when 11343 is divided by 25?
18
Calculate the remainder when 279 is divided by 28.
27
Calculate the remainder when 1164 is divided by 147.
135
What is the remainder when 1391 is divided by 93?
89
What is the remainder when 45789 is divided by 53?
50
What is the remainder when 23 is divided by 21?
2
What is the remainder when 9051 is divided by 73?
72
What is the remainder when 98 is divided by 55?
43
Calculate the remainder when 59 is divided by 14.
3
What is the remainder when 424 is divided by 50?
24
Calculate the remainder when 4247 is divided by 133.
124
What is the remainder when 296 is divided by 5?
1
Calculate the remainder when 231 is divided by 26.
23
Calculate the remainder when 167 is divided by 57.
53
Calculate the remainder when 29 is divided by 6.
5
What is the remainder when 9428 is divided by 205?
203
What is the remainder when 65 is divided by 6?
5
What is the remainder when 24592 is divided by 17?
10
Calculate the remainder when 729 is divided by 82.
73
What is the remainder when 194 is divided by 35?
19
Calculate the remainder when 336 is divided by 103.
27
Calculate the remainder when 319 is divided by 40.
39
Calculate the remainder when 184 is divided by 86.
12
What is the remainder when 14111 is divided by 14?
13
What is the remainder when 76 is divided by 16?
12
What is the remainder when 1114 is divided by 16?
10
What is the remainder when 580 is divided by 97?
95
What is the remainder when 244 is divided by 243?
1
What is the remainder when 18260 is divided by 23?
21
What is the remainder when 1674 is divided by 188?
170
Calculate the remainder when 583 is divided by 13.
11
What is the remainder when 6766 is divided by 144?
142
What is the remainder when 4048 is divided by 25?
23
What is the remainder when 22732 is divided by 116?
112
What is the remainder when 168 is divided by 3?
0
What is the remainder when 1018 is divided by 24?
10
Calculate the remainder when 1342 is divided by 48.
46
Calculate the remainder when 92 is divided by 8.
4
What is the remainder when 1424 is divided by 28?
24
What is the remainder when 19403 is divided by 132?
131
What is the remainder when 297 is divided by 28?
17
Calculate the remainder when 419 is divided by 55.
34
Calculate the remainder when 359 is divided by 90.
89
What is the remainder when 1715 is divided by 32?
19
Calculate the remainder when 702 is divided by 47.
44
What is the remainder when 215 is divided by 36?
35
What is the remainder when 1498 is divided by 94?
88
What is the remainder when 763 is divided by 9?
7
Calculate the remainder when 291 is divided by 72.
3
What is the remainder when 744 is divided by 48?
24
Calculate the remainder when 232 is divided by 47.
44
What is the remainder when 32427 is divided by 67?
66
Calculate the remainder when 66 is divided by 30.
6
What is the remainder when 211 is divided by 16?
3
What is the remainder when 28 is divided by 15?
13
Calculate the remainder when 252 is divided by 46.
22
Calculate the remainder when 194 is divided by 10.
4
What is the remainder when 3522 is divided by 503?
1
What is the remainder when 692 is divided by 110?
32
Calculate the remainder when 165 is divided by 21.
18
Calculate the remainder when 181 is divided by 29.
7
Calculate the remainder when 124 is divided by 17.
5
What is the remainder when 33149 is divided by 150?
149
What is the remainder when 7827 is divided by 270?
267
Calculate the remainder when 15717 is divided by 58.
57
What is the remainder when 295 is divided by 51?
40
Calculate the remainder when 5583 is divided by 60.
3
Calculate the remainder when 413 is divided by 245.
168
Calculate the remainder when 683 is divided by 247.
189
Calculate the remainder when 337 is divided by 88.
73
Calculate the remainder when 924 is divided by 25.
24
What is the remainder when 79 is divided by 5?
4
Calculate the remainder when 166 is divided by 21.
19
What is the remainder when 207 is divided by 43?
35
What is the remainder when 261 is divided by 45?
36
What is the remainder when 729 is divided by 49?
43
Calculate the remainder when 595 is divided by 200.
195
What is the remainder when 16 is divided by 9?
7
What is the remainder when 1035 is divided by 256?
11
What is the remainder when 46 is divided by 25?
21
What is the remainder when 519 is divided by 475?
44
What is the remainder when 352 is divided by 21?
16
Calculate the remainder when 19093 is divided by 88.
85
Calculate the remainder when 5926 is divided by 39.
37
Calculate the remainder when 1334 is divided by 21.
11
What is the remainder when 921 is divided by 306?
3
What is the remainder when 94 is divided by 81?
13
What is the remainder when 240 is divided by 72?
24
Calculate the remainder when 198 is divided by 67.
64
Calculate the remainder when 68 is divided by 24.
20
Calculate the remainder when 5066 is divided by 39.
35
Calculate the remainder when 124 is divided by 112.
12
What is the remainder when 522 is divided by 21?
18
What is the remainder when 70 is divided by 30?
10
What is the remainder when 3854 is divided by 19?
16
What is the remainder when 380 is divided by 96?
92
What is the remainder when 897 is divided by 88?
17
Calculate the remainder when 142 is divided by 26.
12
Calculate the remainder when 207 is divided by 31.
21
What is the remainder when 10111 is divided by 13?
10
What is the remainder when 794 is divided by 35?
24
Calculate the remainder when 2747 is divided by 10.
7
What is the remainder when 62 is divided by 12?
2
Calculate the remainder when 1463 is divided by 155.
68
What is the remainder when 3876 is divided by 76?
0
Calculate the remainder when 137 is divided by 14.
11
What is the remainder when 125 is divided by 21?
20
Calculate the remainder when 62 is divided by 6.
2
Calculate the remainder when 174 is divided by 47.
33
Calculate the remainder when 895 is divided by 69.
67
What is the remainder when 6460 is divided by 67?
28
What is the remainder when 453 is divided by 225?
3
What is the remainder when 294 is divided by 12?
6